) = 646*s + 6460. Calculate f(-10).
0
Let o(u) = 68*u - 191. Give o(4).
81
Let p(h) = -h**2 + 3*h + 83. Determine p(-7).
13
Let z(h) = -18*h + 51. Calculate z(-28).
555
Let p(m) = -309*m + 3267. Determine p(11).
-132
Let u(o) = 2*o**2 + 15*o - 308. What is u(-18)?
70
Let i(c) = c**3 - 69*c**2 + 69*c - 342. Give i(68).
-274
Let j(u) = u**2 + 37*u - 263. What is j(15)?
517
Let o(j) = -3*j**2 - 187*j - 1286. Determine o(-54).
64
Let o(c) = 7*c - 51. What is o(7)?
-2
Let c(s) = -s**2 + 38*s + 425. Calculate c(-9).
2
Let k(f) = 2*f**2 + 38*f + 355. Give k(-12).
187
Let c(x) = -114*x - 4. Give c(-2).
224
Let p(h) = 3*h**2 - 79*h + 404. Calculate p(14).
-114
Let x(y) = 2*y**2 - 84*y - 249. Determine x(-3).
21
Let k(w) = -4*w**2 - 51*w + 278. Calculate k(6).
-172
Let h(p) = -3*p + 72. Calculate h(28).
-12
Let m(r) = -540*r - 9217. Give m(-17).
-37
Let c(o) = -o**2 + 1058*o + 2128. Give c(-2).
8
Let n(m) = 347*m - 6597. Calculate n(19).
-4
Let p(l) = -l**2 - 382*l - 2620. Determine p(-7).
5
Let z(h) = h**3 + 10*h**2 - 30*h - 54. Calculate z(-7).
303
Let w(g) = g**2 + 157*g - 19604. Calculate w(-239).
-6
Let c(m) = -2*m**2 + 15*m + 11. Give c(0).
11
Let d(z) = -z**3 + 117*z**2 + 223*z - 26081. What is d(117)?
10
Let s(i) = 2*i**3 - 128*i**2 - 129*i - 57. Calculate s(65).
8
Let i(g) = 8*g**2 + 25*g - 27. Determine i(9).
846
Let f(r) = r**3 + 186*r**2 + 1930*r + 875. Calculate f(-175).
0
Let y(n) = 2*n**2 - 70*n - 467. What is y(41)?
25
Let u(j) = -j**3 + j**2 - 29*j - 81. Calculate u(-3).
42
Let n(f) = -f**3 + 37*f**2 - 30*f - 211. Give n(36).
5
Let w(r) = -3*r**2 + 74*r - 454. Calculate w(11).
-3
Let l(a) = 57*a - 749. What is l(14)?
49
Let n(u) = u**2 - 27*u - 218. Determine n(-6).
-20
Let b(d) = -147*d + 244. Determine b(2).
-50
Let n(k) = 611*k - 6122. Determine n(10).
-12
Let t(s) = -21*s**2 + 5*s + 33. Determine t(-3).
-171
Let u(o) = -2*o**3 - 151*o**2 + 230*o - 74. What is u(-77)?
3
Let z(f) = f**3 - 51*f**2 + 618*f + 416. What is z(22)?
-24
Let a(t) = t**2 - 36*t + 199. Calculate a(8).
-25
Let o(j) = -9*j + 570. Determine o(66).
-24
Let c(g) = g**2 - 463*g + 3633. What is c(8)?
-7
Let k(b) = -2*b**3 + 5*b**2 - 10*b + 21. Calculate k(4).
-67
Let k(h) = h**2 + 3*h - 505. Determine k(-25).
45
Let z(n) = 7*n**2 + 72*n + 15. Determine z(-10).
-5
Let u(p) = 31*p - 225. Calculate u(13).
178
Let k(w) = 113*w + 15603. Give k(-138).
9
Let s(a) = -26*a - 519. What is s(-20)?
1
Let k(q) = -q**3 + 40*q**2 - 147*q + 1. What is k(36)?
-107
Let j(z) = -9381*z + 9. Determine j(0).
9
Let i(r) = 41*r + 453. What is i(-11)?
2
Let m(p) = -p**3 - 13*p**2 - 31*p + 30. Give m(-9).
-15
Let b(r) = 13*r**2 - 11*r + 19. What is b(2)?
49
Let g(z) = -z**3 - 36*z**2 + 71*z - 179. Give g(-38).
11
Let x(f) = 61*f**2 + 429*f + 6. Give x(-7).
-8
Let h(v) = -2*v**3 - 41*v**2 - 18*v + 41. What is h(-20)?
1
Let t(p) = p**3 + 29*p**2 - 68*p - 63. Determine t(-31).
123
Let v(i) = 2*i**2 + 58*i - 54. Determine v(-30).
6
Let k(n) = n**3 + 18*n**2 - 40*n - 743. Determine k(-18).
-23
Let a(l) = -302*l + 12065. Calculate a(40).
-15
Let d(z) = -z**3 - 4*z**2 + 5*z + 7. Determine d(-5).
7
Let s(f) = -28*f + 386. Calculate s(24).
-286
Let w(c) = -2*c**2 - 239*c + 324. Give w(-121).
-39
Let o(n) = n**3 + 8*n**2 - 11*n + 41. Give o(-11).
-201
Let f(y) = 292*y - 277. What is f(1)?
15
Let x(w) = 69*w - 371. Calculate x(6).
43
Let a(z) = -2*z**3 - 13*z**2 - 13*z - 98. What is a(-7)?
42
Let y(t) = -t**3 - 11*t**2 + 12*t - 4. What is y(-11)?
-136
Let r(t) = 23*t**2 + 642*t - 31. Calculate r(-28).
25
Let y(a) = -a**2 + 5*a - 171. Give y(0).
-171
Let s(j) = -5*j**2 + 8*j + 134. What is s(-7)?
-167
Let y(t) = 2812*t + 2818. Determine y(-1).
6
Let q(g) = g**2 + 17*g - 94. What is q(5)?
16
Let q(k) = 43645*k - 3. Determine q(0).
-3
Let h(t) = -3*t**2 - 50*t + 64. Determine h(6).
-344
Let c(p) = p**2 + p - 130. Calculate c(0).
-130
Let d(o) = o**3 + 59*o**2 + 106*o + 2793. What is d(-58)?
9
Let g(k) = -k**3 - 54*k**2 - 6*k - 281. What is g(-54)?
43
Let z(y) = 4*y**3 - 197*y**2 + 41*y + 325. Give z(49).
-67
Let t(z) = 89*z + 22340. Give t(-251).
1
Let c(u) = -u**3 - 30*u**2 - 112*u - 60. Determine c(-25).
-385
Let w(f) = f**3 + 4*f**2 - 89*f - 495. Give w(-7).
-19
Let x(c) = -22*c + 153. What is x(7)?
-1
Let c(h) = h**3 - 7*h**2 - 2*h - 14. Determine c(11).
448
Let h(z) = 2*z**2 - 2*z - 88. What is h(-8)?
56
Let a(x) = 50*x - 5897. Give a(118).
3
Let m(b) = -2*b**2 + 36*b - 43. Give m(18).
-43
Let m(i) = 1349*i - 18866. Determine m(14).
20
Let f(p) = -28*p + 137. Determine f(4).
25
Let h(g) = 426*g + 858. What is h(-2)?
6
Let s(a) = -a**3 - 26*a**2 - 64*a + 11. Calculate s(-23).
-104
Let l(b) = -68*b + 272. What is l(4)?
0
Let t(l) = -l**2 - 3*l + 29. Determine t(-5).
19
Let p(t) = 11*t + 698. What is p(-81)?
-193
Let p(b) = -b**2 - 44*b - 374. Determine p(-32).
10
Let w(s) = 3*s**2 + 136*s - 1289. Give w(-53).
-70
Let n(t) = 5*t**2 - 7*t - 133. Give n(7).
63
Let w(c) = -23*c**2 + 148*c - 218. Calculate w(2).
-14
Let h(a) = 4*a**2 + 4*a - 2. Give h(-1).
-2
Let k(y) = 80*y + 8634. Calculate k(-108).
-6
Let f(v) = -v**2 + 46*v + 157. What is f(47)?
110
Let h(f) = -10*f - 6. Give h(0).
-6
Let k(c) = 3*c**2 - 4*c - 80. Determine k(5).
-25
Let w(a) = 104*a - 145. Determine w(1).
-41
Let f(p) = -p**2 - 12*p + 396. Calculate f(15).
-9
Let g(w) = -180*w**3 + 67*w + 68. What is g(-1)?
181
Let h(x) = 2*x + 25. Calculate h(22).
69
Let y(t) = 1995*t + 6218. What is y(-3)?
233
Let c(a) = 2*a - 106. What is c(12)?
-82
Let w(t) = -120*t + 12256. Calculate w(102).
16
Let d(v) = 10*v**2 - 33*v - 172. Give d(-7).
549
Let n(q) = 8*q - 25. Give n(4).
7
Let l(u) = -u**3 + 24*u**2 - 31*u + 29. What is l(17)?
1525
Let b(o) = 57*o + 1448. What is b(-23)?
137
Let s(v) = -214*v + 1576. Calculate s(7).
78
Let h(k) = -28*k + 814. Give h(30).
-26
Let x(f) = 78*f + 1772. What is x(-24)?
-100
Let m(w) = w**3 - 9*w**2 - 49*w + 384. Determine m(10).
-6
Let w(h) = -102*h - 570. Calculate w(-5).
-60
Let a(r) = 98*r - 127. What is a(1)?
-29
Let m(o) = -176*o - 2280. What is m(-11)?
-344
Let q(k) = -k**3 + 4*k**2 - 6*k - 2. Give q(-5).
253
Let v(a) = 2423*a - 55731. Give v(23).
-2
Let a(y) = -16*y - 1. Calculate a(1).
-17
Let o(x) = x**3 + 12*x**2 + 19*x - 1. Calculate o(-10).
9
Let s(a) = -2*a**3 - 8*a**2 + 39*a - 24. Determine s(1).
5
Let w(v) = -v**3 + 4*v**2 + 6*v + 5. Calculate w(3).
32
Let v(y) = y**2 + 37*y - 309. Determine v(14).
405
Let f(v) = v**2 - 41*v + 273. Calculate f(8).
9
Let v(d) = -3*d**3 + 360*d**2 + 18. Calculate v(120).
18
Let f(q) = 8*q**3 - 44*q**2 - 118*q + 7. What is f(-3)?
-251
Let l(f) = f**2 - 32*f + 228. Calculate l(21).
-3
Let t(r) = -4*r**2 - 98*r - 56. Give t(-24).
-8
Let x(p) = -2*p**2 + 327*p + 4. Give x(0).
4
Let g(c) = c**3 - 9*c**2 - 2*c - 97. What is g(10)?
-17
Let b(d) = -615*d + 6155. Determine b(10).
5
Let r(n) = 8*n - 16. Give r(10).
64
Let r(u) = 181*u + 913. Calculate r(-5).
8
Let m(f) = -1969*f - 53162. Calculate m(-27).
1
Let s(d) = 7*d**2 + 7*d + 16. Calculate s(-4).
100
Let a(b) = b**2 - 33*b + 119. What is a(29)?
3
Let n(k) = -722*k + 3546. Give n(5).
-64
Let j(u) = -u**3 + 19*u**2 + 27*u - 101. What is j(20)?
39
Let b(i) = -12*i + 250. Give b(28).
-86
Let n(f) = 49*f + 4797. What is n(-98)?
-5
Let i(p) = 6*p + 114. Calculate i(54).
438
Let l(m) = m**3 - 43*m**2 + 105*m + 619. Determine l(40).
19
Let l(o) = -9*o**3 + 995*o**2 + 446*o - 229. Calculate l(111).
-7
Let a(p) = -21*p + 94. Determine a(3).
31
Let c(m) = 100*m + 3595. Calculate c(-36).
-5
Let u(m) = m**3 - 10*m**2 + 24*m - 76. Give u(8).
-12
Let c(f) = -f**2 - 162*f + 1681. Calculate c(10).
-39
Let n(g) = -18*g + 2105. Calculate n(118).
-19
Let x(k) = -2*k**3 - 40*k**2 + 148*k + 225. Give x(-23).
-5
Let q(z) = -z**2 - 177*z - 7171. Give q(-63).
11
Let q(y) = 4*y**2 + 3770*y + 7534. Calculate q(-2).
10
Let n(w) = -8*w**2 - 158*w + 2794. Give n(-31).
4
Let x(l) = l**3 + 112*l**2 + 114*l + 324. Calculate x(-111).
-9
Let z(h) = -75*h + 651. Determine z(9).
-24
Let f(b) = 157*b + 637. Give f(-4).
9
Let t(w) = 2*w**3 - 12*w**2 - 2*w - 33. Determine t(7).
51
Let s(v) = -6*v**2 - 59*v + 7. Determine s(-10).
-3
Let u(o) = 12*o**3 + 431*o**2 - 44*o - 298. Give u(-36).
-10
Let m(f) = 22*f**2 + 21*f + 18. Give m(-3).
153
Let a(n) = -27*n - 7